- 35*f**2 + 15*f - 20. Let w(n) = n**3 + 12*n**2 - 5*n + 7. Let c(q) = -2*m(q) - 7*w(q). List the prime factors of c(14).
61
Suppose 5*x + 5*c + 312 = 2*c, -5*x - 4*c = 316. Let g = -29 - x. Suppose -3*v = -4*u - 4*v + g, -v = 2*u - 17. List the prime factors of u.
7
Let n = -3 - -9. Suppose -162 = n*b - 522. List the prime factors of b.
2, 3, 5
Let z = -801 - -1275. List the prime factors of z.
2, 3, 79
Let h be (-3)/(24/(-28)) + 5/(-10). Suppose 3*g - 536 = -g. Suppose -g = h*p - 374. List the prime factors of p.
2, 5
What are the prime factors of 3/6*(-17 - -3447)?
5, 7
Let a = 44 + -31. Let w = -2 + a. Suppose -5*m + 315 = i + w, 0 = -4*m - 2*i + 248. List the prime factors of m.
2, 3, 5
Suppose -5 = -0*u - u. Suppose 0 = -u*h - 25, -f + 48 = -3*h - 8. What are the prime factors of f?
41
Suppose 4*z + p = -18, -3*p = 2*z + 3 + 1. List the prime factors of (-1199)/z + (-12)/15.
239
Let n(a) = 3*a**2 + 11*a + 1. Let v be n(-8). Let r(m) = -m + 17. Let s be r(13). Suppose s*h - v = -h. List the prime factors of h.
3, 7
Suppose 3*u - 2*p - 1043 = 377, -1916 = -4*u - 3*p. What are the prime factors of u?
2, 7, 17
Let u = 24 - 44. Let x = u + 23. What are the prime factors of 5 - 1 - (-61 - x)?
2, 17
Suppose 2 = -7*q + 296. Let h(c) = 3*c**2 - 4*c - 3. Let o be h(-2). Let g = q - o. List the prime factors of g.
5
Suppose 9*h = 8*h + 14. Let a = h + -16. What are the prime factors of -6*20/(-8) + a?
13
Suppose 35*l + 12075 = 2*q + 34*l, 0 = -3*q + 5*l + 18102. What are the prime factors of q?
3, 11, 61
Let m = -2589 - -4795. What are the prime factors of m?
2, 1103
Suppose 0*d + 4 = d. Suppose 1 + 3 = -d*c. What are the prime factors of 8/(-3 - c) + 44?
2, 5
Let y be 34/(-6)*(-2 + -334)/(-7). Let p = -149 - y. List the prime factors of p.
3, 41
Let v(j) be the third derivative of -7*j**4/24 + 11*j**3/6 + 2*j**2. Let u be v(5). What are the prime factors of (u/10)/(1/(-15))?
2, 3
Let f = -148 + 177. List the prime factors of f.
29
Let m be 4 - ((-4)/(-5) - 12948/60). Let c = 486 - m. List the prime factors of c.
3, 89
Suppose -3*i + i = -4. Let r be ((-6)/4)/((-1)/i). Suppose -r*j + 15 = 2*a, 4*j = 5*a + j - 69. List the prime factors of a.
2, 3
Let l = -43 + 163. Let j = -45 + l. List the prime factors of j.
3, 5
What are the prime factors of ((-13527)/162)/(1/(-18))?
3, 167
Let x(t) = 3*t + 24. Let b be x(-11). Suppose 2*g + 0*g + 57 = 5*w, w - 45 = 2*g. Let a = b - g. What are the prime factors of a?
2, 3
Let k = 1698 - 402. List the prime factors of k.
2, 3
Let i = -56 - -54. List the prime factors of (-1056)/(-22) + (i/1)/2.
47
List the prime factors of ((-8412)/14)/((-2)/7).
3, 701
Suppose k - 5*k - 8 = 0. Let t be (k - -3) + 41 + -2. Suppose -2*s - 6 = -4*c, 5*c = 3*s - 7*s + t. What are the prime factors of c?
2
Suppose 2*u + 25 + 48 = -5*i, 0 = 5*u + 5*i + 175. Let w = 33 - u. What are the prime factors of w?
67
Suppose -3*h = -17 - 130. Let u = 65 - h. What are the prime factors of u?
2
Let t(m) be the third derivative of m**5/60 - m**3/3 - m**2. Suppose -5*b + 20 = -2*i, -4*b - 4*i + 8*i = -16. What are the prime factors of t(b)?
2, 7
Suppose 4*y = 2*y - 2*y. Suppose -2*a + 0*a + 110 = 2*i, 5*a - 20 = y. List the prime factors of i.
3, 17
Suppose 0*g = -5*p + 2*g + 13, -3*p + 11 = 2*g. Let q(o) = 24*o**2 - 2*o - 2. What are the prime factors of q(p)?
2, 13
Let f be 6/(6/5*15/9). Suppose -8 + 28 = 2*t. Suppose -f*j + 145 - t = 0. List the prime factors of j.
3, 5
Suppose h - 232 = -5*o, 2*o + 5*h - 85 = 2*h. Suppose -o + 447 = 5*v. List the prime factors of v.
2, 5
Let n(j) = j**2 + 10*j + 8. Let t be n(-13). Suppose 0 = -3*m + 2*m. Let q = m + t. What are the prime factors of q?
47
What are the prime factors of (-1 - (-16)/3)/((-30)/(-2070))?
13, 23
Suppose -4*s = 2*s + 612. Let z = 153 + s. What are the prime factors of z?
3, 17
Suppose 5*z = -3*z - 1216. Let x = z - -306. What are the prime factors of x?
2, 7, 11
Suppose -s - 18 = a, -3*a = -3*s - 2 - 46. Let o(h) = h**3 + 17*h**2 - 4*h - 17. What are the prime factors of o(s)?
3, 17
Suppose 4*v + 1559 - 2375 = 0. List the prime factors of v.
2, 3, 17
Suppose 7*m = 8513 - 2458. List the prime factors of m.
5, 173
Suppose -3*p = 231 - 603. Let l = -27 + p. List the prime factors of l.
97
Suppose 8*d - 3*s + 14 = 3*d, 0 = -5*d - 4*s - 28. Let f(i) = i**3 + 6*i**2 - 10*i - 3. What are the prime factors of f(d)?
3, 23
Suppose 0 = -5*d - 4*g + 1520, 0 = -3*d + 3*g - g + 934. What are the prime factors of (d/35)/(4/50)?
2, 5, 11
Let c(g) = -g**2 - 8*g - 2. Let d be c(-5). Suppose 5*s = -5*y + 15 - 0, -15 = -2*s - 5*y. Let o = s + d. List the prime factors of o.
13
Let l(q) = 8 + 4*q**2 - 35 + 3*q**2 - 29*q - 8*q**2. What are the prime factors of l(-18)?
3, 19
Let k(u) = -u**3 - 8*u**2 + 4*u - 4. Let t(h) = 3*h + 0*h - 4*h - h**2. Let f(w) = k(w) - 4*t(w). What are the prime factors of f(-6)?
2, 5
Suppose 8*o - 63 = o. Let f = o - 1. What are the prime factors of f?
2
Suppose -36*m = -38*m - 3*k + 3546, -2*m + 4*k + 3546 = 0. What are the prime factors of m?
3, 197
List the prime factors of 6285/(-6)*56/(-70).
2, 419
Suppose 0 = 2*j - 5*o - 17, 5*j + 4 - 12 = o. Let v(u) = 5*u - u + 2 + j + 3. List the prime factors of v(8).
2, 19
Let c(m) be the second derivative of -m**3/3 + 7*m**2 - 13*m. What are the prime factors of c(5)?
2
Let s = -3746 + 5575. List the prime factors of s.
31, 59
Let f(b) = 2*b**2. Let v be f(1). Let n = 0 + 5. Suppose n*w - v*w = 33. List the prime factors of w.
11
Let m be ((-18116)/(-21))/((-4)/(-6)). Let b be (-14)/(-77) + m/22. Suppose 5*j - 6*j = -b. List the prime factors of j.
59
Let o(p) = 60*p + 15. Let b be o(4). Let u = 388 - b. What are the prime factors of u?
7, 19
Suppose 0 = o - 109 - 117. Let l = o + -63. Suppose -l = -4*t - 23. What are the prime factors of t?
5, 7
Suppose 3*a = -3, -5*z - 4*a + 812 = -a. Let r be (60/25 - 3) + 964/(-10). Let f = r + z. What are the prime factors of f?
2, 3, 11
Let f(a) = 8*a**3 + 2*a + 1. Let w be f(2). Let s = 27 + w. Suppose -8*i + s = -2*i. List the prime factors of i.
2
List the prime factors of 157/2355 + (-47398)/(-30).
2, 5, 79
Suppose -9*j = -11*j + 70. Suppose -4*g + j = 3. List the prime factors of g.
2
Let k(j) = 6*j**2 - 9*j - 1. Let b be k(5). Suppose a - b = 67. List the prime factors of a.
3, 19
Let k be (-3)/((-2)/3 + 1). Let q be k/(-2) - 13/(-26). Suppose -5*u - 109 = 3*n - q*n, 0 = -4*n - 2*u + 158. What are the prime factors of n?
2, 3, 7
List the prime factors of -4 + 1 + 1081 + -1.
3, 359
Let a = 111 + -73. Suppose a = 4*y - 3*y. List the prime factors of y.
2, 19
Let u(x) = -x**2 + 12*x + 1. Let m be u(11). Let s = m - -23. What are the prime factors of s?
5, 7
Suppose -4*m + 182 = 5*h, -2*h - 3*h + 3*m = -161. Suppose -4*b + h = 14. Suppose b*r - 6*r = -52. What are the prime factors of r?
2, 13
Let k = -14 + 22. Let q(v) = 2*v + 36. Let w be q(-17). Suppose -w*y = c - k, c + 5*y = 3*c - 52. List the prime factors of c.
2
Let b(n) = -n**2 - 23*n - 22. Let w be b(-20). Suppose z = 2*z - 2*g - w, 0 = -4*z + 2*g + 128. List the prime factors of z.
2, 3, 5
Suppose 52 + 8 = k - t, 4*k - 3*t = 245. Suppose 5*u - 4*q - k = 0, q - 4 = -u - 0*u. What are the prime factors of u?
3
Let i = -493 - -883. List the prime factors of i.
2, 3, 5, 13
What are the prime factors of (-5 - (0 - -87))*-2?
2, 23
Suppose -33*o + 750 = -30*o. List the prime factors of o.
2, 5
Let u(a) = 294*a - 93. List the prime factors of u(3).
3, 263
What are the prime factors of 132/308 + (-11519)/(-7)?
2, 823
Let r = -22 + 27. Suppose 541 = 2*w + 5*h, 1296 = r*w + 2*h - 46. What are the prime factors of w?
2, 67
Suppose 5*v - 5*o - 5 = 0, 0 = o - 0*o - 2. Suppose -v*d + 6 = 15. List the prime factors of (-36)/d + 1 + 2.
3, 5
Let p be (1 - (-1 - -2))/(-2). Suppose -2 + p = -q. Let k = 1 + q. What are the prime factors of k?
3
Let d be ((-63)/(-12))/(-7)*-4. Let g(l) = d*l - l - 2 + 2. List the prime factors of g(12).
2, 3
Suppose 2*f = -47 - 77. Suppose 3*o = 3*x + 135, 2*x - 3*x - 5*o - 39 = 0. Let h = x - f. List the prime factors of h.
2, 3
Suppose -4*d = -f - 4*f - 401, 2*f + 10 = 0. List the prime factors of d.
2, 47
Suppose 0 = 19*n - 19946 - 12468. List the prime factors of n.
2, 853
List the prime factors of (-6)/((-36)